{"id":22,"date":"2024-11-28T11:40:43","date_gmt":"2024-11-28T10:40:43","guid":{"rendered":"https:\/\/kunden.potsdamwebdesign.de\/bvfg\/club-aktiv\/?page_id=22"},"modified":"2025-12-04T16:44:50","modified_gmt":"2025-12-04T15:44:50","slug":"krankengymnastik-am-geraet","status":"publish","type":"page","link":"https:\/\/www.bvfg-potsdam.de\/club-aktiv\/rehasport-sporttherapie\/krankengymnastik-am-geraet\/","title":{"rendered":"Krankengymnastik am Ger\u00e4t"},"content":{"rendered":"\t\t<div data-elementor-type=\"wp-page\" data-elementor-id=\"22\" class=\"elementor elementor-22\">\n\t\t\t\t<div class=\"elementor-element elementor-element-60d1a4be e-flex e-con-boxed wpr-particle-no wpr-jarallax-no wpr-parallax-no wpr-sticky-section-no wpr-equal-height-no e-con e-parent\" data-id=\"60d1a4be\" data-element_type=\"container\" data-e-type=\"container\" data-settings=\"{&quot;background_background&quot;:&quot;classic&quot;}\">\n\t\t\t\t\t<div class=\"e-con-inner\">\n\t\t\t\t<div class=\"elementor-element elementor-element-6c858236 elementor-widget elementor-widget-page-title\" data-id=\"6c858236\" data-element_type=\"widget\" data-e-type=\"widget\" data-settings=\"{&quot;align&quot;:&quot;center&quot;}\" data-widget_type=\"page-title.default\">\n\t\t\t\t<div class=\"elementor-widget-container\">\n\t\t\t\t\t\t\t\n\t\t<div class=\"hfe-page-title hfe-page-title-wrapper elementor-widget-heading\">\n\n\t\t\t\t\t\t\t\t<h2 class=\"elementor-heading-title elementor-size-default\">\n\t\t\t\t\t\t\t\t\n\t\t\t\tKrankengymnastik am Ger\u00e4t  \n\t\t\t<\/h2 > \n\t\t\t\t\t<\/div>\n\t\t\t\t\t\t<\/div>\n\t\t\t\t<\/div>\n\t\t\t\t\t<\/div>\n\t\t\t\t<\/div>\n\t\t<div class=\"elementor-element elementor-element-264773e4 e-flex e-con-boxed wpr-particle-no wpr-jarallax-no wpr-parallax-no wpr-sticky-section-no wpr-equal-height-no e-con e-parent\" data-id=\"264773e4\" data-element_type=\"container\" data-e-type=\"container\">\n\t\t\t\t\t<div class=\"e-con-inner\">\n\t\t<div class=\"elementor-element elementor-element-33dd228 e-con-full elementor-hidden-mobile e-flex wpr-particle-no wpr-jarallax-no wpr-parallax-no wpr-sticky-section-no wpr-equal-height-no e-con e-child\" data-id=\"33dd228\" data-element_type=\"container\" data-e-type=\"container\" data-settings=\"{&quot;background_background&quot;:&quot;classic&quot;}\">\n\t\t\t\t<\/div>\n\t\t<div class=\"elementor-element elementor-element-4ddaecd3 e-con-full e-flex wpr-particle-no wpr-jarallax-no wpr-parallax-no wpr-sticky-section-no wpr-equal-height-no e-con e-child\" data-id=\"4ddaecd3\" data-element_type=\"container\" data-e-type=\"container\">\n\t\t\t\t<div class=\"elementor-element elementor-element-f1a8449 elementor-widget elementor-widget-heading\" data-id=\"f1a8449\" data-element_type=\"widget\" data-e-type=\"widget\" data-widget_type=\"heading.default\">\n\t\t\t\t<div class=\"elementor-widget-container\">\n\t\t\t\t\t<h3 class=\"elementor-heading-title elementor-size-default\">Krankengymnastik am Ger\u00e4t (KGG) \u2013 Gezielt, individuell, effektiv<\/h3>\t\t\t\t<\/div>\n\t\t\t\t<\/div>\n\t\t\t\t<div class=\"elementor-element elementor-element-5dfe6319 elementor-widget elementor-widget-text-editor\" data-id=\"5dfe6319\" data-element_type=\"widget\" data-e-type=\"widget\" data-widget_type=\"text-editor.default\">\n\t\t\t\t<div class=\"elementor-widget-container\">\n\t\t\t\t\t\t\t\t\t<p>In Zusammenarbeit mit der <strong>Physiotherapie Lamprecht<\/strong> bieten wir im <strong>CLUB AKTIV<\/strong> &amp; <strong>R\u00dcCKEN AKTIV<\/strong> die M\u00f6glichkeit zur ger\u00e4tegest\u00fctzten Krankengymnastik (KGG). Der Schwerpunkt liegt auf der Behandlung orthop\u00e4discher Erkrankungen.<\/p><p><strong>Individuelle Betreuung<\/strong><\/p><p>Eine Therapieeinheit dauert 60 Minuten, in der du individuell von unseren Therapeuten betreut wirst. Basierend auf deiner Beschwerdelage entwickeln wir einen speziell auf deine Bed\u00fcrfnisse abgestimmten Trainingsplan, um deine Gesundheit und Mobilit\u00e4t nachhaltig zu verbessern.<\/p><p><strong>Therapiedetails<\/strong><\/p><ul><li><strong>Dauer:<\/strong> 6\u201310 Einheiten \u00e0 60 Minuten<\/li><li><strong>Kosten:<\/strong><ul><li>Die Krankengymnastik am Ger\u00e4t kann als Kassen- oder Privatleistung durch den Arzt verordnet werden.<\/li><li>Die Anzahl der Einheiten und die H\u00f6he der Zuzahlungen h\u00e4ngen von den Bestimmungen deiner Krankenkasse ab.<\/li><\/ul><\/li><\/ul><ul><li>F\u00fcr weitere Informationen und Anmeldung erreichst du uns unter Tel. 0331 2016746 oder per E-Mail.<\/li><\/ul>\t\t\t\t\t\t\t\t<\/div>\n\t\t\t\t<\/div>\n\t\t\t\t<\/div>\n\t\t\t\t\t<\/div>\n\t\t\t\t<\/div>\n\t\t\t\t<\/div>\n\t\t","protected":false},"excerpt":{"rendered":"<p>Krankengymnastik am Ger\u00e4t Krankengymnastik am Ger\u00e4t (KGG) \u2013 Gezielt, individuell, effektiv In Zusammenarbeit mit der Physiotherapie Lamprecht bieten wir im CLUB AKTIV &amp; R\u00dcCKEN AKTIV die M\u00f6glichkeit zur ger\u00e4tegest\u00fctzten Krankengymnastik (KGG). Der Schwerpunkt liegt auf der Behandlung orthop\u00e4discher Erkrankungen. Individuelle Betreuung Eine Therapieeinheit dauert 60 Minuten, in der du individuell von unseren Therapeuten betreut wirst. Basierend auf deiner Beschwerdelage entwickeln wir einen speziell auf deine Bed\u00fcrfnisse abgestimmten Trainingsplan, um deine Gesundheit und Mobilit\u00e4t nachhaltig zu verbessern. Therapiedetails Dauer: 6\u201310 Einheiten \u00e0 60 Minuten Kosten: Die Krankengymnastik am Ger\u00e4t kann als Kassen- oder Privatleistung durch den Arzt verordnet werden. Die Anzahl der Einheiten und die H\u00f6he der Zuzahlungen h\u00e4ngen von den Bestimmungen deiner Krankenkasse ab. F\u00fcr weitere Informationen und Anmeldung erreichst du uns unter Tel. 0331 2016746 oder per E-Mail.<\/p>\n","protected":false},"author":1,"featured_media":899,"parent":6,"menu_order":280,"comment_status":"closed","ping_status":"closed","template":"elementor_header_footer","meta":{"footnotes":""},"class_list":["post-22","page","type-page","status-publish","has-post-thumbnail","hentry"],"yoast_head":"<!-- This site is optimized with the Yoast SEO plugin v27.5 - https:\/\/yoast.com\/product\/yoast-seo-wordpress\/ -->\n<title>Krankengymnastik am Ger\u00e4t - CLUB AKTIV im Werner-Alfred-Bad<\/title>\n<meta name=\"robots\" content=\"index, follow, max-snippet:-1, max-image-preview:large, max-video-preview:-1\" \/>\n<link rel=\"canonical\" href=\"https:\/\/www.bvfg-potsdam.de\/club-aktiv\/rehasport-sporttherapie\/krankengymnastik-am-geraet\/\" \/>\n<meta property=\"og:locale\" content=\"de_DE\" \/>\n<meta property=\"og:type\" content=\"article\" \/>\n<meta property=\"og:title\" content=\"Krankengymnastik am Ger\u00e4t - CLUB AKTIV im Werner-Alfred-Bad\" \/>\n<meta property=\"og:description\" content=\"Krankengymnastik am Ger\u00e4t Krankengymnastik am Ger\u00e4t (KGG) \u2013 Gezielt, individuell, effektiv In Zusammenarbeit mit der Physiotherapie Lamprecht bieten wir im CLUB AKTIV &amp; R\u00dcCKEN AKTIV die M\u00f6glichkeit zur ger\u00e4tegest\u00fctzten Krankengymnastik (KGG). Der Schwerpunkt liegt auf der Behandlung orthop\u00e4discher Erkrankungen. Individuelle Betreuung Eine Therapieeinheit dauert 60 Minuten, in der du individuell von unseren Therapeuten betreut wirst. Basierend auf deiner Beschwerdelage entwickeln wir einen speziell auf deine Bed\u00fcrfnisse abgestimmten Trainingsplan, um deine Gesundheit und Mobilit\u00e4t nachhaltig zu verbessern. Therapiedetails Dauer: 6\u201310 Einheiten \u00e0 60 Minuten Kosten: Die Krankengymnastik am Ger\u00e4t kann als Kassen- oder Privatleistung durch den Arzt verordnet werden. Die Anzahl der Einheiten und die H\u00f6he der Zuzahlungen h\u00e4ngen von den Bestimmungen deiner Krankenkasse ab. F\u00fcr weitere Informationen und Anmeldung erreichst du uns unter Tel. 0331 2016746 oder per E-Mail.\" \/>\n<meta property=\"og:url\" content=\"https:\/\/www.bvfg-potsdam.de\/club-aktiv\/rehasport-sporttherapie\/krankengymnastik-am-geraet\/\" \/>\n<meta property=\"og:site_name\" content=\"CLUB AKTIV im Werner-Alfred-Bad\" \/>\n<meta property=\"article:publisher\" content=\"https:\/\/www.facebook.com\/CLUB-AKTIV-Potsdam-107509880954919\" \/>\n<meta property=\"article:modified_time\" content=\"2025-12-04T15:44:50+00:00\" \/>\n<meta property=\"og:image\" content=\"https:\/\/www.bvfg-potsdam.de\/club-aktiv\/wp-content\/uploads\/thumbnail.jpg\" \/>\n\t<meta property=\"og:image:width\" content=\"800\" \/>\n\t<meta property=\"og:image:height\" content=\"570\" \/>\n\t<meta property=\"og:image:type\" content=\"image\/jpeg\" \/>\n<meta name=\"twitter:card\" content=\"summary_large_image\" \/>\n<meta name=\"twitter:label1\" content=\"Gesch\u00e4tzte Lesezeit\" \/>\n\t<meta name=\"twitter:data1\" content=\"1\u00a0Minute\" \/>\n<script type=\"application\/ld+json\" class=\"yoast-schema-graph\">{\"@context\":\"https:\\\/\\\/schema.org\",\"@graph\":[{\"@type\":\"WebPage\",\"@id\":\"https:\\\/\\\/www.bvfg-potsdam.de\\\/club-aktiv\\\/rehasport-sporttherapie\\\/krankengymnastik-am-geraet\\\/\",\"url\":\"https:\\\/\\\/www.bvfg-potsdam.de\\\/club-aktiv\\\/rehasport-sporttherapie\\\/krankengymnastik-am-geraet\\\/\",\"name\":\"Krankengymnastik am Ger\u00e4t - CLUB AKTIV im Werner-Alfred-Bad\",\"isPartOf\":{\"@id\":\"https:\\\/\\\/www.bvfg-potsdam.de\\\/club-aktiv\\\/#website\"},\"primaryImageOfPage\":{\"@id\":\"https:\\\/\\\/www.bvfg-potsdam.de\\\/club-aktiv\\\/rehasport-sporttherapie\\\/krankengymnastik-am-geraet\\\/#primaryimage\"},\"image\":{\"@id\":\"https:\\\/\\\/www.bvfg-potsdam.de\\\/club-aktiv\\\/rehasport-sporttherapie\\\/krankengymnastik-am-geraet\\\/#primaryimage\"},\"thumbnailUrl\":\"https:\\\/\\\/www.bvfg-potsdam.de\\\/club-aktiv\\\/wp-content\\\/uploads\\\/thumbnail.jpg\",\"datePublished\":\"2024-11-28T10:40:43+00:00\",\"dateModified\":\"2025-12-04T15:44:50+00:00\",\"breadcrumb\":{\"@id\":\"https:\\\/\\\/www.bvfg-potsdam.de\\\/club-aktiv\\\/rehasport-sporttherapie\\\/krankengymnastik-am-geraet\\\/#breadcrumb\"},\"inLanguage\":\"de\",\"potentialAction\":[{\"@type\":\"ReadAction\",\"target\":[\"https:\\\/\\\/www.bvfg-potsdam.de\\\/club-aktiv\\\/rehasport-sporttherapie\\\/krankengymnastik-am-geraet\\\/\"]}]},{\"@type\":\"ImageObject\",\"inLanguage\":\"de\",\"@id\":\"https:\\\/\\\/www.bvfg-potsdam.de\\\/club-aktiv\\\/rehasport-sporttherapie\\\/krankengymnastik-am-geraet\\\/#primaryimage\",\"url\":\"https:\\\/\\\/www.bvfg-potsdam.de\\\/club-aktiv\\\/wp-content\\\/uploads\\\/thumbnail.jpg\",\"contentUrl\":\"https:\\\/\\\/www.bvfg-potsdam.de\\\/club-aktiv\\\/wp-content\\\/uploads\\\/thumbnail.jpg\",\"width\":800,\"height\":570,\"caption\":\"Thumbnail\"},{\"@type\":\"BreadcrumbList\",\"@id\":\"https:\\\/\\\/www.bvfg-potsdam.de\\\/club-aktiv\\\/rehasport-sporttherapie\\\/krankengymnastik-am-geraet\\\/#breadcrumb\",\"itemListElement\":[{\"@type\":\"ListItem\",\"position\":1,\"name\":\"Home\",\"item\":\"https:\\\/\\\/www.bvfg-potsdam.de\\\/club-aktiv\\\/\"},{\"@type\":\"ListItem\",\"position\":2,\"name\":\"Rehasport \\\/ Sporttherapie\",\"item\":\"https:\\\/\\\/www.bvfg-potsdam.de\\\/club-aktiv\\\/rehasport-sporttherapie\\\/\"},{\"@type\":\"ListItem\",\"position\":3,\"name\":\"Krankengymnastik am Ger\u00e4t\"}]},{\"@type\":\"WebSite\",\"@id\":\"https:\\\/\\\/www.bvfg-potsdam.de\\\/club-aktiv\\\/#website\",\"url\":\"https:\\\/\\\/www.bvfg-potsdam.de\\\/club-aktiv\\\/\",\"name\":\"CLUB AKTIV im Werner-Alfred-Bad\",\"description\":\"\",\"publisher\":{\"@id\":\"https:\\\/\\\/www.bvfg-potsdam.de\\\/club-aktiv\\\/#organization\"},\"potentialAction\":[{\"@type\":\"SearchAction\",\"target\":{\"@type\":\"EntryPoint\",\"urlTemplate\":\"https:\\\/\\\/www.bvfg-potsdam.de\\\/club-aktiv\\\/?s={search_term_string}\"},\"query-input\":{\"@type\":\"PropertyValueSpecification\",\"valueRequired\":true,\"valueName\":\"search_term_string\"}}],\"inLanguage\":\"de\"},{\"@type\":\"Organization\",\"@id\":\"https:\\\/\\\/www.bvfg-potsdam.de\\\/club-aktiv\\\/#organization\",\"name\":\"CLUB AKTIV im Werner-Alfred-Bad\",\"url\":\"https:\\\/\\\/www.bvfg-potsdam.de\\\/club-aktiv\\\/\",\"logo\":{\"@type\":\"ImageObject\",\"inLanguage\":\"de\",\"@id\":\"https:\\\/\\\/www.bvfg-potsdam.de\\\/club-aktiv\\\/#\\\/schema\\\/logo\\\/image\\\/\",\"url\":\"https:\\\/\\\/www.bvfg-potsdam.de\\\/club-aktiv\\\/wp-content\\\/uploads\\\/club-aktiv.png\",\"contentUrl\":\"https:\\\/\\\/www.bvfg-potsdam.de\\\/club-aktiv\\\/wp-content\\\/uploads\\\/club-aktiv.png\",\"width\":200,\"height\":111,\"caption\":\"CLUB AKTIV im Werner-Alfred-Bad\"},\"image\":{\"@id\":\"https:\\\/\\\/www.bvfg-potsdam.de\\\/club-aktiv\\\/#\\\/schema\\\/logo\\\/image\\\/\"},\"sameAs\":[\"https:\\\/\\\/www.facebook.com\\\/CLUB-AKTIV-Potsdam-107509880954919\",\"https:\\\/\\\/www.youtube.com\\\/channel\\\/UCXJwm1HYhrl5R2Wpzttdr6A\"]}]}<\/script>\n<!-- \/ Yoast SEO plugin. -->","yoast_head_json":{"title":"Krankengymnastik am Ger\u00e4t - CLUB AKTIV im Werner-Alfred-Bad","robots":{"index":"index","follow":"follow","max-snippet":"max-snippet:-1","max-image-preview":"max-image-preview:large","max-video-preview":"max-video-preview:-1"},"canonical":"https:\/\/www.bvfg-potsdam.de\/club-aktiv\/rehasport-sporttherapie\/krankengymnastik-am-geraet\/","og_locale":"de_DE","og_type":"article","og_title":"Krankengymnastik am Ger\u00e4t - CLUB AKTIV im Werner-Alfred-Bad","og_description":"Krankengymnastik am Ger\u00e4t Krankengymnastik am Ger\u00e4t (KGG) \u2013 Gezielt, individuell, effektiv In Zusammenarbeit mit der Physiotherapie Lamprecht bieten wir im CLUB AKTIV &amp; R\u00dcCKEN AKTIV die M\u00f6glichkeit zur ger\u00e4tegest\u00fctzten Krankengymnastik (KGG). Der Schwerpunkt liegt auf der Behandlung orthop\u00e4discher Erkrankungen. Individuelle Betreuung Eine Therapieeinheit dauert 60 Minuten, in der du individuell von unseren Therapeuten betreut wirst. Basierend auf deiner Beschwerdelage entwickeln wir einen speziell auf deine Bed\u00fcrfnisse abgestimmten Trainingsplan, um deine Gesundheit und Mobilit\u00e4t nachhaltig zu verbessern. Therapiedetails Dauer: 6\u201310 Einheiten \u00e0 60 Minuten Kosten: Die Krankengymnastik am Ger\u00e4t kann als Kassen- oder Privatleistung durch den Arzt verordnet werden. Die Anzahl der Einheiten und die H\u00f6he der Zuzahlungen h\u00e4ngen von den Bestimmungen deiner Krankenkasse ab. F\u00fcr weitere Informationen und Anmeldung erreichst du uns unter Tel. 0331 2016746 oder per E-Mail.","og_url":"https:\/\/www.bvfg-potsdam.de\/club-aktiv\/rehasport-sporttherapie\/krankengymnastik-am-geraet\/","og_site_name":"CLUB AKTIV im Werner-Alfred-Bad","article_publisher":"https:\/\/www.facebook.com\/CLUB-AKTIV-Potsdam-107509880954919","article_modified_time":"2025-12-04T15:44:50+00:00","og_image":[{"width":800,"height":570,"url":"https:\/\/www.bvfg-potsdam.de\/club-aktiv\/wp-content\/uploads\/thumbnail.jpg","type":"image\/jpeg"}],"twitter_card":"summary_large_image","twitter_misc":{"Gesch\u00e4tzte Lesezeit":"1\u00a0Minute"},"schema":{"@context":"https:\/\/schema.org","@graph":[{"@type":"WebPage","@id":"https:\/\/www.bvfg-potsdam.de\/club-aktiv\/rehasport-sporttherapie\/krankengymnastik-am-geraet\/","url":"https:\/\/www.bvfg-potsdam.de\/club-aktiv\/rehasport-sporttherapie\/krankengymnastik-am-geraet\/","name":"Krankengymnastik am Ger\u00e4t - CLUB AKTIV im Werner-Alfred-Bad","isPartOf":{"@id":"https:\/\/www.bvfg-potsdam.de\/club-aktiv\/#website"},"primaryImageOfPage":{"@id":"https:\/\/www.bvfg-potsdam.de\/club-aktiv\/rehasport-sporttherapie\/krankengymnastik-am-geraet\/#primaryimage"},"image":{"@id":"https:\/\/www.bvfg-potsdam.de\/club-aktiv\/rehasport-sporttherapie\/krankengymnastik-am-geraet\/#primaryimage"},"thumbnailUrl":"https:\/\/www.bvfg-potsdam.de\/club-aktiv\/wp-content\/uploads\/thumbnail.jpg","datePublished":"2024-11-28T10:40:43+00:00","dateModified":"2025-12-04T15:44:50+00:00","breadcrumb":{"@id":"https:\/\/www.bvfg-potsdam.de\/club-aktiv\/rehasport-sporttherapie\/krankengymnastik-am-geraet\/#breadcrumb"},"inLanguage":"de","potentialAction":[{"@type":"ReadAction","target":["https:\/\/www.bvfg-potsdam.de\/club-aktiv\/rehasport-sporttherapie\/krankengymnastik-am-geraet\/"]}]},{"@type":"ImageObject","inLanguage":"de","@id":"https:\/\/www.bvfg-potsdam.de\/club-aktiv\/rehasport-sporttherapie\/krankengymnastik-am-geraet\/#primaryimage","url":"https:\/\/www.bvfg-potsdam.de\/club-aktiv\/wp-content\/uploads\/thumbnail.jpg","contentUrl":"https:\/\/www.bvfg-potsdam.de\/club-aktiv\/wp-content\/uploads\/thumbnail.jpg","width":800,"height":570,"caption":"Thumbnail"},{"@type":"BreadcrumbList","@id":"https:\/\/www.bvfg-potsdam.de\/club-aktiv\/rehasport-sporttherapie\/krankengymnastik-am-geraet\/#breadcrumb","itemListElement":[{"@type":"ListItem","position":1,"name":"Home","item":"https:\/\/www.bvfg-potsdam.de\/club-aktiv\/"},{"@type":"ListItem","position":2,"name":"Rehasport \/ Sporttherapie","item":"https:\/\/www.bvfg-potsdam.de\/club-aktiv\/rehasport-sporttherapie\/"},{"@type":"ListItem","position":3,"name":"Krankengymnastik am Ger\u00e4t"}]},{"@type":"WebSite","@id":"https:\/\/www.bvfg-potsdam.de\/club-aktiv\/#website","url":"https:\/\/www.bvfg-potsdam.de\/club-aktiv\/","name":"CLUB AKTIV im Werner-Alfred-Bad","description":"","publisher":{"@id":"https:\/\/www.bvfg-potsdam.de\/club-aktiv\/#organization"},"potentialAction":[{"@type":"SearchAction","target":{"@type":"EntryPoint","urlTemplate":"https:\/\/www.bvfg-potsdam.de\/club-aktiv\/?s={search_term_string}"},"query-input":{"@type":"PropertyValueSpecification","valueRequired":true,"valueName":"search_term_string"}}],"inLanguage":"de"},{"@type":"Organization","@id":"https:\/\/www.bvfg-potsdam.de\/club-aktiv\/#organization","name":"CLUB AKTIV im Werner-Alfred-Bad","url":"https:\/\/www.bvfg-potsdam.de\/club-aktiv\/","logo":{"@type":"ImageObject","inLanguage":"de","@id":"https:\/\/www.bvfg-potsdam.de\/club-aktiv\/#\/schema\/logo\/image\/","url":"https:\/\/www.bvfg-potsdam.de\/club-aktiv\/wp-content\/uploads\/club-aktiv.png","contentUrl":"https:\/\/www.bvfg-potsdam.de\/club-aktiv\/wp-content\/uploads\/club-aktiv.png","width":200,"height":111,"caption":"CLUB AKTIV im Werner-Alfred-Bad"},"image":{"@id":"https:\/\/www.bvfg-potsdam.de\/club-aktiv\/#\/schema\/logo\/image\/"},"sameAs":["https:\/\/www.facebook.com\/CLUB-AKTIV-Potsdam-107509880954919","https:\/\/www.youtube.com\/channel\/UCXJwm1HYhrl5R2Wpzttdr6A"]}]}},"_links":{"self":[{"href":"https:\/\/www.bvfg-potsdam.de\/club-aktiv\/wp-json\/wp\/v2\/pages\/22","targetHints":{"allow":["GET"]}}],"collection":[{"href":"https:\/\/www.bvfg-potsdam.de\/club-aktiv\/wp-json\/wp\/v2\/pages"}],"about":[{"href":"https:\/\/www.bvfg-potsdam.de\/club-aktiv\/wp-json\/wp\/v2\/types\/page"}],"author":[{"embeddable":true,"href":"https:\/\/www.bvfg-potsdam.de\/club-aktiv\/wp-json\/wp\/v2\/users\/1"}],"replies":[{"embeddable":true,"href":"https:\/\/www.bvfg-potsdam.de\/club-aktiv\/wp-json\/wp\/v2\/comments?post=22"}],"version-history":[{"count":6,"href":"https:\/\/www.bvfg-potsdam.de\/club-aktiv\/wp-json\/wp\/v2\/pages\/22\/revisions"}],"predecessor-version":[{"id":1133,"href":"https:\/\/www.bvfg-potsdam.de\/club-aktiv\/wp-json\/wp\/v2\/pages\/22\/revisions\/1133"}],"up":[{"embeddable":true,"href":"https:\/\/www.bvfg-potsdam.de\/club-aktiv\/wp-json\/wp\/v2\/pages\/6"}],"wp:featuredmedia":[{"embeddable":true,"href":"https:\/\/www.bvfg-potsdam.de\/club-aktiv\/wp-json\/wp\/v2\/media\/899"}],"wp:attachment":[{"href":"https:\/\/www.bvfg-potsdam.de\/club-aktiv\/wp-json\/wp\/v2\/media?parent=22"}],"curies":[{"name":"wp","href":"https:\/\/api.w.org\/{rel}","templated":true}]}}