{"id":30,"date":"2024-12-10T16:49:26","date_gmt":"2024-12-10T15:49:26","guid":{"rendered":"https:\/\/kunden.potsdamwebdesign.de\/bvfg\/akademie\/?page_id=30"},"modified":"2025-05-12T09:59:15","modified_gmt":"2025-05-12T07:59:15","slug":"informationen-zum-verein","status":"publish","type":"page","link":"https:\/\/www.bvfg-potsdam.de\/akademie\/wer-sind-wir\/informationen-zum-verein\/","title":{"rendered":"Informationen zum Verein"},"content":{"rendered":"\t\t<div data-elementor-type=\"wp-page\" data-elementor-id=\"30\" class=\"elementor elementor-30\">\n\t\t\t\t<div class=\"elementor-element elementor-element-67af92a e-flex e-con-boxed wpr-jarallax-no wpr-sticky-section-no wpr-equal-height-no e-con e-parent\" data-id=\"67af92a\" data-element_type=\"container\" data-e-type=\"container\" data-settings=\"{&quot;background_background&quot;:&quot;gradient&quot;}\">\n\t\t\t\t\t<div class=\"e-con-inner\">\n\t\t\t\t<div class=\"elementor-element elementor-element-6f5fe871 elementor-widget elementor-widget-page-title\" data-id=\"6f5fe871\" data-element_type=\"widget\" data-e-type=\"widget\" data-widget_type=\"page-title.default\">\n\t\t\t\t<div class=\"elementor-widget-container\">\n\t\t\t\t\t\t\t\n\t\t<div class=\"hfe-page-title hfe-page-title-wrapper elementor-widget-heading\">\n\n\t\t\t\t\t\t\t\t\t\t\t<a href=\"https:\/\/www.bvfg-potsdam.de\/akademie\">\n\t\t\t\t\t\t<h2 class=\"elementor-heading-title elementor-size-default\">\n\t\t\t\t\t\t\t\t\n\t\t\t\tInformationen zum Verein  \n\t\t\t<\/h2 > \n\t\t\t\t\t\t\t\t\t<\/a>\n\t\t\t\t\t<\/div>\n\t\t\t\t\t\t<\/div>\n\t\t\t\t<\/div>\n\t\t\t\t\t<\/div>\n\t\t\t\t<\/div>\n\t\t<div class=\"elementor-element elementor-element-5dab7fd e-flex e-con-boxed wpr-particle-no wpr-jarallax-no wpr-parallax-no wpr-sticky-section-no wpr-equal-height-no e-con e-parent\" data-id=\"5dab7fd\" data-element_type=\"container\" data-e-type=\"container\">\n\t\t\t\t\t<div class=\"e-con-inner\">\n\t\t\t\t<div class=\"elementor-element elementor-element-9f60b5c elementor-widget elementor-widget-heading\" data-id=\"9f60b5c\" data-element_type=\"widget\" data-e-type=\"widget\" data-widget_type=\"heading.default\">\n\t\t\t\t<div class=\"elementor-widget-container\">\n\t\t\t\t\t<h2 class=\"elementor-heading-title elementor-size-default\">Brandenburgischer Verein f\u00fcr Gesundheitsf\u00f6rderung e.V.<\/h2>\t\t\t\t<\/div>\n\t\t\t\t<\/div>\n\t\t\t\t<div class=\"elementor-element elementor-element-bd58aa2 elementor-widget elementor-widget-heading\" data-id=\"bd58aa2\" data-element_type=\"widget\" data-e-type=\"widget\" data-widget_type=\"heading.default\">\n\t\t\t\t<div class=\"elementor-widget-container\">\n\t\t\t\t\t<h3 class=\"elementor-heading-title elementor-size-default\">Eingetragene Vereinigung der Universit\u00e4t Potsdam<\/h3>\t\t\t\t<\/div>\n\t\t\t\t<\/div>\n\t\t\t\t<div class=\"elementor-element elementor-element-b034f56 elementor-widget elementor-widget-text-editor\" data-id=\"b034f56\" data-element_type=\"widget\" data-e-type=\"widget\" data-widget_type=\"text-editor.default\">\n\t\t\t\t<div class=\"elementor-widget-container\">\n\t\t\t\t\t\t\t\t\t<p class=\"absatz\">Der Brandenburgische Verein f\u00fcr Gesundheitsf\u00f6rderung e.V. ist eine eingetragene Vereinigung an der Universit\u00e4t Potsdam. Er wurde 1993 durch Prof. Dr. Frank Bittmann und Prof. Dr. Gernot Badtke gegr\u00fcndet und ist inzwischen einer der gr\u00f6\u00dften Anbieter f\u00fcr Gesundheits- und Rehabilitationssport in der Region Potsdam. Au\u00dferdem ist er von Beginn an als Anbieter hochwertiger Fortbildungen f\u00fcr Heilberufler etabliert.<\/p><p class=\"absatz\">Seit 2009 ist der Verein Praxis- und Forschungspartner der Abteilung <a href=\"https:\/\/www.uni-potsdam.de\/de\/regphys\/index\" target=\"_blank\" rel=\"noopener\">Regulative Physiologie und Pr\u00e4vention<\/a> der Universit\u00e4t Potsdam und verf\u00fcgt somit \u00fcber den Zugang zu neuestem Wissen und hochqualifizierten Referenten. Er bietet ein Praxisfeld f\u00fcr Studierende und Absolventen des universit\u00e4ren BA-Studiengangs f\u00fcr Sporttherapie und Pr\u00e4vention, unterst\u00fctzt die Universit\u00e4t in der Durchf\u00fchrung der Lehre und f\u00f6rdert seit Jahren regelm\u00e4\u00dfig Forschungsprojekte.<\/p><p class=\"absatz\">Der Brandenburgische Verein f\u00fcr Gesundheitsf\u00f6rderung e.V. gliedert sich in folgende Abteilungen:<\/p>\t\t\t\t\t\t\t\t<\/div>\n\t\t\t\t<\/div>\n\t\t\t\t\t<\/div>\n\t\t\t\t<\/div>\n\t\t<div class=\"elementor-element elementor-element-3b96af1 e-flex e-con-boxed wpr-particle-no wpr-jarallax-no wpr-parallax-no wpr-sticky-section-no wpr-equal-height-no e-con e-parent\" data-id=\"3b96af1\" data-element_type=\"container\" data-e-type=\"container\">\n\t\t\t\t\t<div class=\"e-con-inner\">\n\t\t<div class=\"elementor-element elementor-element-0fe373b e-con-full e-flex wpr-particle-no wpr-jarallax-no wpr-parallax-no wpr-sticky-section-no wpr-equal-height-no e-con e-child\" data-id=\"0fe373b\" data-element_type=\"container\" data-e-type=\"container\">\n\t\t\t\t<div class=\"elementor-element elementor-element-c06f09c elementor-widget elementor-widget-image\" data-id=\"c06f09c\" data-element_type=\"widget\" data-e-type=\"widget\" data-widget_type=\"image.default\">\n\t\t\t\t<div class=\"elementor-widget-container\">\n\t\t\t\t\t\t\t\t\t\t\t\t\t\t\t<img decoding=\"async\" src=\"https:\/\/www.bvfg-potsdam.de\/akademie\/wp-content\/uploads\/elementor\/thumbs\/akademie-gesundheit-sporttherapie-logo-r5rc318egle73uak3453dd6q3yh6buvipglrf9u4no.png\" title=\"Akademie Gesundheit Sporttherapie Logo\" alt=\"Akademie Gesundheit Sporttherapie Logo\" loading=\"lazy\" \/>\t\t\t\t\t\t\t\t\t\t\t\t\t\t\t<\/div>\n\t\t\t\t<\/div>\n\t\t\t\t<\/div>\n\t\t<div class=\"elementor-element elementor-element-2d24464 e-con-full e-flex wpr-particle-no wpr-jarallax-no wpr-parallax-no wpr-sticky-section-no wpr-equal-height-no e-con e-child\" data-id=\"2d24464\" data-element_type=\"container\" data-e-type=\"container\">\n\t\t\t\t<div class=\"elementor-element elementor-element-d719c88 elementor-widget elementor-widget-image\" data-id=\"d719c88\" data-element_type=\"widget\" data-e-type=\"widget\" data-widget_type=\"image.default\">\n\t\t\t\t<div class=\"elementor-widget-container\">\n\t\t\t\t\t\t\t\t\t\t\t\t\t\t\t<img decoding=\"async\" src=\"https:\/\/www.bvfg-potsdam.de\/akademie\/wp-content\/uploads\/elementor\/thumbs\/Club-Aktiv-r5rc318duo09j4vu1p1qkvojs7lgmx992b23d1v0bg.png\" title=\"Club Aktiv\" alt=\"Club Aktiv\" loading=\"lazy\" \/>\t\t\t\t\t\t\t\t\t\t\t\t\t\t\t<\/div>\n\t\t\t\t<\/div>\n\t\t\t\t<\/div>\n\t\t\t\t\t<\/div>\n\t\t\t\t<\/div>\n\t\t\t\t<\/div>\n\t\t","protected":false},"excerpt":{"rendered":"<p>Informationen zum Verein Brandenburgischer Verein f\u00fcr Gesundheitsf\u00f6rderung e.V. Eingetragene Vereinigung der Universit\u00e4t Potsdam Der Brandenburgische Verein f\u00fcr Gesundheitsf\u00f6rderung e.V. ist eine eingetragene Vereinigung an der Universit\u00e4t Potsdam. Er wurde 1993 durch Prof. Dr. Frank Bittmann und Prof. Dr. Gernot Badtke gegr\u00fcndet und ist inzwischen einer der gr\u00f6\u00dften Anbieter f\u00fcr Gesundheits- und Rehabilitationssport in der Region Potsdam. Au\u00dferdem ist er von Beginn an als Anbieter hochwertiger Fortbildungen f\u00fcr Heilberufler etabliert. Seit 2009 ist der Verein Praxis- und Forschungspartner der Abteilung Regulative Physiologie und Pr\u00e4vention der Universit\u00e4t Potsdam und verf\u00fcgt somit \u00fcber den Zugang zu neuestem Wissen und hochqualifizierten Referenten. Er bietet ein Praxisfeld f\u00fcr Studierende und Absolventen des universit\u00e4ren BA-Studiengangs f\u00fcr Sporttherapie und Pr\u00e4vention, unterst\u00fctzt die Universit\u00e4t in der Durchf\u00fchrung der Lehre und f\u00f6rdert seit Jahren regelm\u00e4\u00dfig Forschungsprojekte. Der Brandenburgische Verein f\u00fcr Gesundheitsf\u00f6rderung e.V. gliedert sich in folgende Abteilungen:<\/p>\n","protected":false},"author":1,"featured_media":166,"parent":12,"menu_order":420,"comment_status":"closed","ping_status":"closed","template":"elementor_header_footer","meta":{"footnotes":""},"class_list":["post-30","page","type-page","status-publish","has-post-thumbnail","hentry"],"yoast_head":"<!-- This site is optimized with the Yoast SEO plugin v27.4 - https:\/\/yoast.com\/product\/yoast-seo-wordpress\/ -->\n<title>Informationen zum Verein - Akademie f\u00fcr Gesundheit und Sporttherapie<\/title>\n<meta name=\"robots\" content=\"index, follow, max-snippet:-1, max-image-preview:large, max-video-preview:-1\" \/>\n<link rel=\"canonical\" href=\"https:\/\/www.bvfg-potsdam.de\/akademie\/wer-sind-wir\/informationen-zum-verein\/\" \/>\n<meta property=\"og:locale\" content=\"de_DE\" \/>\n<meta property=\"og:type\" content=\"article\" \/>\n<meta property=\"og:title\" content=\"Informationen zum Verein - Akademie f\u00fcr Gesundheit und Sporttherapie\" \/>\n<meta property=\"og:description\" content=\"Informationen zum Verein Brandenburgischer Verein f\u00fcr Gesundheitsf\u00f6rderung e.V. Eingetragene Vereinigung der Universit\u00e4t Potsdam Der Brandenburgische Verein f\u00fcr Gesundheitsf\u00f6rderung e.V. ist eine eingetragene Vereinigung an der Universit\u00e4t Potsdam. Er wurde 1993 durch Prof. Dr. Frank Bittmann und Prof. Dr. Gernot Badtke gegr\u00fcndet und ist inzwischen einer der gr\u00f6\u00dften Anbieter f\u00fcr Gesundheits- und Rehabilitationssport in der Region Potsdam. Au\u00dferdem ist er von Beginn an als Anbieter hochwertiger Fortbildungen f\u00fcr Heilberufler etabliert. Seit 2009 ist der Verein Praxis- und Forschungspartner der Abteilung Regulative Physiologie und Pr\u00e4vention der Universit\u00e4t Potsdam und verf\u00fcgt somit \u00fcber den Zugang zu neuestem Wissen und hochqualifizierten Referenten. Er bietet ein Praxisfeld f\u00fcr Studierende und Absolventen des universit\u00e4ren BA-Studiengangs f\u00fcr Sporttherapie und Pr\u00e4vention, unterst\u00fctzt die Universit\u00e4t in der Durchf\u00fchrung der Lehre und f\u00f6rdert seit Jahren regelm\u00e4\u00dfig Forschungsprojekte. Der Brandenburgische Verein f\u00fcr Gesundheitsf\u00f6rderung e.V. gliedert sich in folgende Abteilungen:\" \/>\n<meta property=\"og:url\" content=\"https:\/\/www.bvfg-potsdam.de\/akademie\/wer-sind-wir\/informationen-zum-verein\/\" \/>\n<meta property=\"og:site_name\" content=\"Akademie f\u00fcr Gesundheit und Sporttherapie\" \/>\n<meta property=\"article:modified_time\" content=\"2025-05-12T07:59:15+00:00\" \/>\n<meta property=\"og:image\" content=\"https:\/\/www.bvfg-potsdam.de\/akademie\/wp-content\/uploads\/2024\/12\/akademie-fallback.jpg\" \/>\n\t<meta property=\"og:image:width\" content=\"800\" \/>\n\t<meta property=\"og:image:height\" content=\"500\" \/>\n\t<meta property=\"og:image:type\" content=\"image\/jpeg\" \/>\n<meta name=\"twitter:card\" content=\"summary_large_image\" \/>\n<meta name=\"twitter:label1\" content=\"Gesch\u00e4tzte Lesezeit\" \/>\n\t<meta name=\"twitter:data1\" content=\"2\u00a0Minuten\" \/>\n<script type=\"application\/ld+json\" class=\"yoast-schema-graph\">{\"@context\":\"https:\\\/\\\/schema.org\",\"@graph\":[{\"@type\":\"WebPage\",\"@id\":\"https:\\\/\\\/www.bvfg-potsdam.de\\\/akademie\\\/wer-sind-wir\\\/informationen-zum-verein\\\/\",\"url\":\"https:\\\/\\\/www.bvfg-potsdam.de\\\/akademie\\\/wer-sind-wir\\\/informationen-zum-verein\\\/\",\"name\":\"Informationen zum Verein - Akademie f\u00fcr Gesundheit und Sporttherapie\",\"isPartOf\":{\"@id\":\"https:\\\/\\\/www.bvfg-potsdam.de\\\/akademie\\\/#website\"},\"primaryImageOfPage\":{\"@id\":\"https:\\\/\\\/www.bvfg-potsdam.de\\\/akademie\\\/wer-sind-wir\\\/informationen-zum-verein\\\/#primaryimage\"},\"image\":{\"@id\":\"https:\\\/\\\/www.bvfg-potsdam.de\\\/akademie\\\/wer-sind-wir\\\/informationen-zum-verein\\\/#primaryimage\"},\"thumbnailUrl\":\"https:\\\/\\\/www.bvfg-potsdam.de\\\/akademie\\\/wp-content\\\/uploads\\\/2024\\\/12\\\/akademie-fallback.jpg\",\"datePublished\":\"2024-12-10T15:49:26+00:00\",\"dateModified\":\"2025-05-12T07:59:15+00:00\",\"breadcrumb\":{\"@id\":\"https:\\\/\\\/www.bvfg-potsdam.de\\\/akademie\\\/wer-sind-wir\\\/informationen-zum-verein\\\/#breadcrumb\"},\"inLanguage\":\"de\",\"potentialAction\":[{\"@type\":\"ReadAction\",\"target\":[\"https:\\\/\\\/www.bvfg-potsdam.de\\\/akademie\\\/wer-sind-wir\\\/informationen-zum-verein\\\/\"]}]},{\"@type\":\"ImageObject\",\"inLanguage\":\"de\",\"@id\":\"https:\\\/\\\/www.bvfg-potsdam.de\\\/akademie\\\/wer-sind-wir\\\/informationen-zum-verein\\\/#primaryimage\",\"url\":\"https:\\\/\\\/www.bvfg-potsdam.de\\\/akademie\\\/wp-content\\\/uploads\\\/2024\\\/12\\\/akademie-fallback.jpg\",\"contentUrl\":\"https:\\\/\\\/www.bvfg-potsdam.de\\\/akademie\\\/wp-content\\\/uploads\\\/2024\\\/12\\\/akademie-fallback.jpg\",\"width\":800,\"height\":500,\"caption\":\"Akademie Fallback\"},{\"@type\":\"BreadcrumbList\",\"@id\":\"https:\\\/\\\/www.bvfg-potsdam.de\\\/akademie\\\/wer-sind-wir\\\/informationen-zum-verein\\\/#breadcrumb\",\"itemListElement\":[{\"@type\":\"ListItem\",\"position\":1,\"name\":\"Startseite\",\"item\":\"https:\\\/\\\/www.bvfg-potsdam.de\\\/akademie\\\/\"},{\"@type\":\"ListItem\",\"position\":2,\"name\":\"Wer sind wir?\",\"item\":\"https:\\\/\\\/www.bvfg-potsdam.de\\\/akademie\\\/wer-sind-wir\\\/\"},{\"@type\":\"ListItem\",\"position\":3,\"name\":\"Informationen zum Verein\"}]},{\"@type\":\"WebSite\",\"@id\":\"https:\\\/\\\/www.bvfg-potsdam.de\\\/akademie\\\/#website\",\"url\":\"https:\\\/\\\/www.bvfg-potsdam.de\\\/akademie\\\/\",\"name\":\"Akademie f\u00fcr Gesundheit und Sporttherapie\",\"description\":\"\",\"publisher\":{\"@id\":\"https:\\\/\\\/www.bvfg-potsdam.de\\\/akademie\\\/#organization\"},\"potentialAction\":[{\"@type\":\"SearchAction\",\"target\":{\"@type\":\"EntryPoint\",\"urlTemplate\":\"https:\\\/\\\/www.bvfg-potsdam.de\\\/akademie\\\/?s={search_term_string}\"},\"query-input\":{\"@type\":\"PropertyValueSpecification\",\"valueRequired\":true,\"valueName\":\"search_term_string\"}}],\"inLanguage\":\"de\"},{\"@type\":\"Organization\",\"@id\":\"https:\\\/\\\/www.bvfg-potsdam.de\\\/akademie\\\/#organization\",\"name\":\"Akademie f\u00fcr Gesundheit und Sporttherapie\",\"alternateName\":\"Brandenburgischer Verein f\u00fcr Gesundheitsf\u00f6rderung e. V.\",\"url\":\"https:\\\/\\\/www.bvfg-potsdam.de\\\/akademie\\\/\",\"logo\":{\"@type\":\"ImageObject\",\"inLanguage\":\"de\",\"@id\":\"https:\\\/\\\/www.bvfg-potsdam.de\\\/akademie\\\/#\\\/schema\\\/logo\\\/image\\\/\",\"url\":\"https:\\\/\\\/www.bvfg-potsdam.de\\\/akademie\\\/wp-content\\\/uploads\\\/2024\\\/12\\\/akademie-gesundheit-sporttherapie-logo.png\",\"contentUrl\":\"https:\\\/\\\/www.bvfg-potsdam.de\\\/akademie\\\/wp-content\\\/uploads\\\/2024\\\/12\\\/akademie-gesundheit-sporttherapie-logo.png\",\"width\":800,\"height\":347,\"caption\":\"Akademie f\u00fcr Gesundheit und Sporttherapie\"},\"image\":{\"@id\":\"https:\\\/\\\/www.bvfg-potsdam.de\\\/akademie\\\/#\\\/schema\\\/logo\\\/image\\\/\"}}]}<\/script>\n<!-- \/ Yoast SEO plugin. -->","yoast_head_json":{"title":"Informationen zum Verein - Akademie f\u00fcr Gesundheit und Sporttherapie","robots":{"index":"index","follow":"follow","max-snippet":"max-snippet:-1","max-image-preview":"max-image-preview:large","max-video-preview":"max-video-preview:-1"},"canonical":"https:\/\/www.bvfg-potsdam.de\/akademie\/wer-sind-wir\/informationen-zum-verein\/","og_locale":"de_DE","og_type":"article","og_title":"Informationen zum Verein - Akademie f\u00fcr Gesundheit und Sporttherapie","og_description":"Informationen zum Verein Brandenburgischer Verein f\u00fcr Gesundheitsf\u00f6rderung e.V. Eingetragene Vereinigung der Universit\u00e4t Potsdam Der Brandenburgische Verein f\u00fcr Gesundheitsf\u00f6rderung e.V. ist eine eingetragene Vereinigung an der Universit\u00e4t Potsdam. Er wurde 1993 durch Prof. Dr. Frank Bittmann und Prof. Dr. Gernot Badtke gegr\u00fcndet und ist inzwischen einer der gr\u00f6\u00dften Anbieter f\u00fcr Gesundheits- und Rehabilitationssport in der Region Potsdam. Au\u00dferdem ist er von Beginn an als Anbieter hochwertiger Fortbildungen f\u00fcr Heilberufler etabliert. Seit 2009 ist der Verein Praxis- und Forschungspartner der Abteilung Regulative Physiologie und Pr\u00e4vention der Universit\u00e4t Potsdam und verf\u00fcgt somit \u00fcber den Zugang zu neuestem Wissen und hochqualifizierten Referenten. Er bietet ein Praxisfeld f\u00fcr Studierende und Absolventen des universit\u00e4ren BA-Studiengangs f\u00fcr Sporttherapie und Pr\u00e4vention, unterst\u00fctzt die Universit\u00e4t in der Durchf\u00fchrung der Lehre und f\u00f6rdert seit Jahren regelm\u00e4\u00dfig Forschungsprojekte. Der Brandenburgische Verein f\u00fcr Gesundheitsf\u00f6rderung e.V. gliedert sich in folgende Abteilungen:","og_url":"https:\/\/www.bvfg-potsdam.de\/akademie\/wer-sind-wir\/informationen-zum-verein\/","og_site_name":"Akademie f\u00fcr Gesundheit und Sporttherapie","article_modified_time":"2025-05-12T07:59:15+00:00","og_image":[{"width":800,"height":500,"url":"https:\/\/www.bvfg-potsdam.de\/akademie\/wp-content\/uploads\/2024\/12\/akademie-fallback.jpg","type":"image\/jpeg"}],"twitter_card":"summary_large_image","twitter_misc":{"Gesch\u00e4tzte Lesezeit":"2\u00a0Minuten"},"schema":{"@context":"https:\/\/schema.org","@graph":[{"@type":"WebPage","@id":"https:\/\/www.bvfg-potsdam.de\/akademie\/wer-sind-wir\/informationen-zum-verein\/","url":"https:\/\/www.bvfg-potsdam.de\/akademie\/wer-sind-wir\/informationen-zum-verein\/","name":"Informationen zum Verein - Akademie f\u00fcr Gesundheit und Sporttherapie","isPartOf":{"@id":"https:\/\/www.bvfg-potsdam.de\/akademie\/#website"},"primaryImageOfPage":{"@id":"https:\/\/www.bvfg-potsdam.de\/akademie\/wer-sind-wir\/informationen-zum-verein\/#primaryimage"},"image":{"@id":"https:\/\/www.bvfg-potsdam.de\/akademie\/wer-sind-wir\/informationen-zum-verein\/#primaryimage"},"thumbnailUrl":"https:\/\/www.bvfg-potsdam.de\/akademie\/wp-content\/uploads\/2024\/12\/akademie-fallback.jpg","datePublished":"2024-12-10T15:49:26+00:00","dateModified":"2025-05-12T07:59:15+00:00","breadcrumb":{"@id":"https:\/\/www.bvfg-potsdam.de\/akademie\/wer-sind-wir\/informationen-zum-verein\/#breadcrumb"},"inLanguage":"de","potentialAction":[{"@type":"ReadAction","target":["https:\/\/www.bvfg-potsdam.de\/akademie\/wer-sind-wir\/informationen-zum-verein\/"]}]},{"@type":"ImageObject","inLanguage":"de","@id":"https:\/\/www.bvfg-potsdam.de\/akademie\/wer-sind-wir\/informationen-zum-verein\/#primaryimage","url":"https:\/\/www.bvfg-potsdam.de\/akademie\/wp-content\/uploads\/2024\/12\/akademie-fallback.jpg","contentUrl":"https:\/\/www.bvfg-potsdam.de\/akademie\/wp-content\/uploads\/2024\/12\/akademie-fallback.jpg","width":800,"height":500,"caption":"Akademie Fallback"},{"@type":"BreadcrumbList","@id":"https:\/\/www.bvfg-potsdam.de\/akademie\/wer-sind-wir\/informationen-zum-verein\/#breadcrumb","itemListElement":[{"@type":"ListItem","position":1,"name":"Startseite","item":"https:\/\/www.bvfg-potsdam.de\/akademie\/"},{"@type":"ListItem","position":2,"name":"Wer sind wir?","item":"https:\/\/www.bvfg-potsdam.de\/akademie\/wer-sind-wir\/"},{"@type":"ListItem","position":3,"name":"Informationen zum Verein"}]},{"@type":"WebSite","@id":"https:\/\/www.bvfg-potsdam.de\/akademie\/#website","url":"https:\/\/www.bvfg-potsdam.de\/akademie\/","name":"Akademie f\u00fcr Gesundheit und Sporttherapie","description":"","publisher":{"@id":"https:\/\/www.bvfg-potsdam.de\/akademie\/#organization"},"potentialAction":[{"@type":"SearchAction","target":{"@type":"EntryPoint","urlTemplate":"https:\/\/www.bvfg-potsdam.de\/akademie\/?s={search_term_string}"},"query-input":{"@type":"PropertyValueSpecification","valueRequired":true,"valueName":"search_term_string"}}],"inLanguage":"de"},{"@type":"Organization","@id":"https:\/\/www.bvfg-potsdam.de\/akademie\/#organization","name":"Akademie f\u00fcr Gesundheit und Sporttherapie","alternateName":"Brandenburgischer Verein f\u00fcr Gesundheitsf\u00f6rderung e. V.","url":"https:\/\/www.bvfg-potsdam.de\/akademie\/","logo":{"@type":"ImageObject","inLanguage":"de","@id":"https:\/\/www.bvfg-potsdam.de\/akademie\/#\/schema\/logo\/image\/","url":"https:\/\/www.bvfg-potsdam.de\/akademie\/wp-content\/uploads\/2024\/12\/akademie-gesundheit-sporttherapie-logo.png","contentUrl":"https:\/\/www.bvfg-potsdam.de\/akademie\/wp-content\/uploads\/2024\/12\/akademie-gesundheit-sporttherapie-logo.png","width":800,"height":347,"caption":"Akademie f\u00fcr Gesundheit und Sporttherapie"},"image":{"@id":"https:\/\/www.bvfg-potsdam.de\/akademie\/#\/schema\/logo\/image\/"}}]}},"_links":{"self":[{"href":"https:\/\/www.bvfg-potsdam.de\/akademie\/wp-json\/wp\/v2\/pages\/30","targetHints":{"allow":["GET"]}}],"collection":[{"href":"https:\/\/www.bvfg-potsdam.de\/akademie\/wp-json\/wp\/v2\/pages"}],"about":[{"href":"https:\/\/www.bvfg-potsdam.de\/akademie\/wp-json\/wp\/v2\/types\/page"}],"author":[{"embeddable":true,"href":"https:\/\/www.bvfg-potsdam.de\/akademie\/wp-json\/wp\/v2\/users\/1"}],"replies":[{"embeddable":true,"href":"https:\/\/www.bvfg-potsdam.de\/akademie\/wp-json\/wp\/v2\/comments?post=30"}],"version-history":[{"count":3,"href":"https:\/\/www.bvfg-potsdam.de\/akademie\/wp-json\/wp\/v2\/pages\/30\/revisions"}],"predecessor-version":[{"id":656,"href":"https:\/\/www.bvfg-potsdam.de\/akademie\/wp-json\/wp\/v2\/pages\/30\/revisions\/656"}],"up":[{"embeddable":true,"href":"https:\/\/www.bvfg-potsdam.de\/akademie\/wp-json\/wp\/v2\/pages\/12"}],"wp:featuredmedia":[{"embeddable":true,"href":"https:\/\/www.bvfg-potsdam.de\/akademie\/wp-json\/wp\/v2\/media\/166"}],"wp:attachment":[{"href":"https:\/\/www.bvfg-potsdam.de\/akademie\/wp-json\/wp\/v2\/media?parent=30"}],"curies":[{"name":"wp","href":"https:\/\/api.w.org\/{rel}","templated":true}]}}